{"id":78,"date":"2022-10-14T16:04:00","date_gmt":"2022-10-14T14:04:00","guid":{"rendered":"https:\/\/carocandle.fr\/?page_id=78"},"modified":"2022-10-18T16:35:03","modified_gmt":"2022-10-18T14:35:03","slug":"f-a-q","status":"publish","type":"page","link":"https:\/\/carocandle.fr\/?page_id=78","title":{"rendered":"F.A.Q."},"content":{"rendered":"\t\t<div data-elementor-type=\"wp-page\" data-elementor-id=\"78\" class=\"elementor elementor-78\">\n\t\t\t\t\t\t<section class=\"elementor-section elementor-top-section elementor-element elementor-element-f505e70 elementor-section-boxed elementor-section-height-default elementor-section-height-default\" data-id=\"f505e70\" data-element_type=\"section\" data-e-type=\"section\">\n\t\t\t\t\t\t<div class=\"elementor-container elementor-column-gap-default\">\n\t\t\t\t\t<div class=\"elementor-column elementor-col-100 elementor-top-column elementor-element elementor-element-757f1a8\" data-id=\"757f1a8\" data-element_type=\"column\" data-e-type=\"column\">\n\t\t\t<div class=\"elementor-widget-wrap elementor-element-populated\">\n\t\t\t\t\t\t<div class=\"elementor-element elementor-element-7bf3289 elementor-widget elementor-widget-heading\" data-id=\"7bf3289\" data-element_type=\"widget\" data-e-type=\"widget\" data-widget_type=\"heading.default\">\n\t\t\t\t<div class=\"elementor-widget-container\">\n\t\t\t\t\t<h2 class=\"elementor-heading-title elementor-size-default\">Qu'est ce qu'un fondant parfum\u00e9 et comment l'utiliser ?<\/h2>\t\t\t\t<\/div>\n\t\t\t\t<\/div>\n\t\t\t\t\t<\/div>\n\t\t<\/div>\n\t\t\t\t\t<\/div>\n\t\t<\/section>\n\t\t\t\t<section class=\"elementor-section elementor-top-section elementor-element elementor-element-8d0402f elementor-section-boxed elementor-section-height-default elementor-section-height-default\" data-id=\"8d0402f\" data-element_type=\"section\" data-e-type=\"section\">\n\t\t\t\t\t\t<div class=\"elementor-container elementor-column-gap-default\">\n\t\t\t\t\t<div class=\"elementor-column elementor-col-50 elementor-top-column elementor-element elementor-element-7cb2495\" data-id=\"7cb2495\" data-element_type=\"column\" data-e-type=\"column\">\n\t\t\t<div class=\"elementor-widget-wrap elementor-element-populated\">\n\t\t\t\t\t\t<div class=\"elementor-element elementor-element-2113b94 elementor-widget elementor-widget-video\" data-id=\"2113b94\" data-element_type=\"widget\" data-e-type=\"widget\" data-settings=\"{&quot;video_type&quot;:&quot;hosted&quot;,&quot;controls&quot;:&quot;yes&quot;}\" data-widget_type=\"video.default\">\n\t\t\t\t<div class=\"elementor-widget-container\">\n\t\t\t\t\t\t\t<div class=\"e-hosted-video elementor-wrapper elementor-open-inline\">\n\t\t\t\t\t<video class=\"elementor-video\" src=\"https:\/\/carocandle.fr\/wp-content\/uploads\/2022\/10\/video-pour-site-bruleur.mp4\" controls=\"\" preload=\"metadata\" controlsList=\"nodownload\"><\/video>\n\t\t\t\t<\/div>\n\t\t\t\t\t\t<\/div>\n\t\t\t\t<\/div>\n\t\t\t\t\t<\/div>\n\t\t<\/div>\n\t\t\t\t<div class=\"elementor-column elementor-col-50 elementor-top-column elementor-element elementor-element-3437f83\" data-id=\"3437f83\" data-element_type=\"column\" data-e-type=\"column\">\n\t\t\t<div class=\"elementor-widget-wrap elementor-element-populated\">\n\t\t\t\t\t\t<div class=\"elementor-element elementor-element-58a564e elementor-widget elementor-widget-text-editor\" data-id=\"58a564e\" data-element_type=\"widget\" data-e-type=\"widget\" data-widget_type=\"text-editor.default\">\n\t\t\t\t<div class=\"elementor-widget-container\">\n\t\t\t\t\t\t\t\t\t<p>\u00a0<\/p>\n<p>\u00a0<\/p>\n<p>\u00a0<\/p>\n<p style=\"text-align: center;\">Un fondant parfum\u00e9 est un \u00ab galet \u00bb de cire qui peut se pr\u00e9senter sous diff\u00e9rentes formes. Il ne dispose pas de m\u00e8che il s\u2019utilise avec un br\u00fbleur <em><strong>(<span class=\"word menu-enabled\">disponible<\/span>\u00a0<span class=\"word menu-enabled\">\u00e9galement<\/span>\u00a0<span class=\"word menu-enabled\">sur<\/span>\u00a0<span class=\"word menu-enabled\">notre<\/span>\u00a0<span class=\"word menu-enabled\">site<\/span>)<\/strong><\/em> et une bougie chauffe plat.<br \/><em><span style=\"color: #993366;\"><strong><a style=\"color: #993366;\" href=\"https:\/\/carocandle.fr\/?product_cat=fondants\">Les fondants parfum\u00e9s<\/a>\u00a0<\/strong><a style=\"color: #993366;\" href=\"https:\/\/carocandle.fr\/\"><strong>CaroCandle <\/strong><\/a><\/span><\/em>sont concentr\u00e9 en parfum ils embaumeront votre pi\u00e8ce , plus rapidement qu\u2019une bougie.\u00a0<br \/>L\u2019autre avantage d\u2019un\u00a0<strong><span style=\"color: #993366;\"><a style=\"color: #993366;\" href=\"https:\/\/carocandle.fr\/?product_cat=fondants\">fondant parfum\u00e9<\/a><\/span>\u00a0<\/strong>c\u2019est de pouvoir changer de parfum tr\u00e8s souvent pour changer d\u2019ambiance autant que vous le souhaitez. Les\u00a0<strong>fondants parfum\u00e9s<\/strong>\u00a0peuvent \u00eatre allum\u00e9s plusieurs fois, 3 a 4 fois en moyenne, la dur\u00e9e d\u00e9pend du parfum.\u00a0<br \/>Contrairement \u00e0 une bougie la cire ne diminue pas. Une fois le parfum dissip\u00e9 il vous suffit de d\u00e9coller la cire de votre br\u00fbleur et de changer de\u00a0<strong>fondants parfum\u00e9s.\u00a0<\/strong>Vous pouvez jeter le reste de cire sans probl\u00e8me car la cire de soja utilis\u00e9e est biod\u00e9gradable.\u00a0<\/p>\t\t\t\t\t\t\t\t<\/div>\n\t\t\t\t<\/div>\n\t\t\t\t\t<\/div>\n\t\t<\/div>\n\t\t\t\t\t<\/div>\n\t\t<\/section>\n\t\t\t\t<section class=\"elementor-section elementor-top-section elementor-element elementor-element-7e2ff5c6 elementor-section-boxed elementor-section-height-default elementor-section-height-default\" data-id=\"7e2ff5c6\" data-element_type=\"section\" data-e-type=\"section\">\n\t\t\t\t\t\t<div class=\"elementor-container elementor-column-gap-default\">\n\t\t\t\t\t<div class=\"elementor-column elementor-col-100 elementor-top-column elementor-element elementor-element-34651c1c\" data-id=\"34651c1c\" data-element_type=\"column\" data-e-type=\"column\">\n\t\t\t<div class=\"elementor-widget-wrap elementor-element-populated\">\n\t\t\t\t\t\t<div class=\"elementor-element elementor-element-8c3525c elementor-widget elementor-widget-text-editor\" data-id=\"8c3525c\" data-element_type=\"widget\" data-e-type=\"widget\" data-widget_type=\"text-editor.default\">\n\t\t\t\t<div class=\"elementor-widget-container\">\n\t\t\t\t\t\t\t\t\t<h2><span style=\"text-decoration: underline;\"><em><strong><span style=\"color: #b422d8; text-decoration: underline;\">Vos questions les plus fr\u00e9quentes:<\/span><\/strong><\/em><\/span><\/h2>\n<h2><!-- \/wp:paragraph --><!-- wp:paragraph --><\/h2>\n<p><span style=\"color: #9700e2;\"><em><strong>Quels sont les d\u00e9lais de fabrication ?<\/strong><\/em><\/span><br \/><span style=\"color: #993366;\">Le temps qu&rsquo;il me faut pour pr\u00e9parer votre commande d\u00e9pend des articles command\u00e9s. Tous les produits sont fabriqu\u00e9s \u00e0 la commande.\u00a0<\/span><\/p>\n<h2><!-- \/wp:paragraph --><!-- wp:paragraph --><\/h2>\n<p><span style=\"color: #9700e2;\"><em><strong>Est ce que vos produits sont 100% naturels ?<\/strong><\/em><\/span><br \/><span style=\"color: #993366;\">Non. Mes produits ne sont pas 100% naturels dans la mesure o\u00f9 le parfum que j&rsquo;utilise reste du parfum semi synth\u00e9tique, c&rsquo;est \u00e0 dire qu&rsquo;il est compos\u00e9 d&rsquo;essences naturelles m\u00eal\u00e9es \u00e0 des essences synth\u00e9tiques, de fa\u00e7on \u00e0 faire tenir le parfum, et \u00e0 mettre en valeur et habiller ces notes naturelles. La cire est naturelle (soja ), les colorants \u00e9galement, ainsi que la m\u00e8che (coton et lin ou coton et bois).\u00a0<\/span><\/p>\n<p><span style=\"color: #993366;\"><!-- \/wp:paragraph --><!-- wp:paragraph --><\/span><\/p>\n<p><span style=\"color: #993366;\">Il est compliqu\u00e9 de proposer une bougie 100% naturelle.\u00a0<\/span><\/p>\n<p><span style=\"color: #993366;\"><!-- \/wp:paragraph --><!-- wp:paragraph --><!-- \/wp:paragraph --><!-- wp:paragraph --><\/span><\/p>\n<p><span style=\"color: #993366;\">C&rsquo;est exactement pareil pour les parfums que l&rsquo;on vaporise sur notre cou, ou ceux qui composent les shampoings, gels douche &#8230;<\/span><\/p>\n<h2><!-- \/wp:paragraph --><!-- wp:paragraph --><\/h2>\n<p><span style=\"color: #9700e2;\"><em><strong>Est ce qu&rsquo;un fondant parfume plus ou moins qu&rsquo;une bougie ?<\/strong><\/em><\/span><br \/><span style=\"color: #993366;\">Un fondant parfume plus qu&rsquo;une bougie Tout simplement car il fond tr\u00e8s rapidement et c&rsquo;est lorsque la cire est chaude et liquide que le parfum se lib\u00e8re. Pour une bougie c&rsquo;est diff\u00e9rent car le temps que la cire fonde sur toute la surface, cela demande 1 bonne heure: c&rsquo;est \u00e0 ce moment l\u00e0 que le parfum sera \u00e0 son summum de diffusion.<\/span><\/p>\n<p><span style=\"color: #993366;\"><!-- \/wp:paragraph --><!-- wp:paragraph --><\/span><\/p>\n<p><span style=\"color: #993366;\">Le fondant est id\u00e9al pour les grandes pi\u00e8ces.<\/span><\/p>\n<h2><!-- \/wp:paragraph --><!-- wp:paragraph --><\/h2>\n<p><span style=\"color: #9700e2;\"><em><strong>Que faire quand mon fondant ne sent plus rien<\/strong> <\/em><\/span>?<br \/><span style=\"color: #993366;\">Un fondant parfume durant 8h \u00e0 12h, cela varie selon sa taille et le parfum choisi. Contrairement \u00e0 une bougie, la cire du fondant ne va pas diminuer (ni s&rsquo;\u00e9vaporer), car il n&rsquo;y a pas de m\u00e8che\/flamme. Seul le parfum s&rsquo;\u00e9vapore. Une fois que tout le parfum se sera \u00e9vapor\u00e9, la cire fondue ne sentira plus rien. Vous pourrez alors l&rsquo;enlever de votre br\u00fble parfum et changer de fondant. Pour enlever la cire, je conseille de le faire lorsqu&rsquo;elle est liquide, en la vidant simplement dans votre poubelle et en essuyant le surplus avec un essuie tout. Si besoin, vous pouvez laver votre br\u00fble parfum \u00e0 l&rsquo;eau savonneuse. Vous pouvez aussi enlever la cire lorsqu&rsquo;elle est solide, en la d\u00e9capsulant avec un couteau (attention \u00e0 ne pas vous blesser) ou une cuill\u00e8re.<\/span><\/p>\n<h2><!-- \/wp:paragraph --><!-- wp:paragraph --><\/h2>\n<p><span style=\"color: #9700e2;\"><em><strong>Combien de temps dure une bougie ?<\/strong><\/em><\/span><br \/><span style=\"color: #993366;\">Cela d\u00e9pend de la taille de la bougie et de la fa\u00e7on dont vous la faites br\u00fbler : les bougie en pot \u00e0 couvercle 50ML on une dur\u00e9e de combustion d&rsquo; environ de 10h . Les bougies de 200 gr\u00a0 durent environ 60h.<\/span><\/p>\n<h2><!-- \/wp:paragraph --><!-- wp:paragraph --><\/h2>\n<p><span style=\"color: #9700e2;\"><em><strong>Comment bien faire br\u00fbler ma bougie ?<\/strong><\/em><\/span><br \/><span style=\"color: #993366;\">Il est tr\u00e8s important de faire br\u00fbler une bougie sur une p\u00e9riode assez longue afin que toute la surface de la cire soit fondue \u00e0 chaque fois. Dans le cas contraire (par exemple si vous faites br\u00fbler la bougie 30min) la bougie creusera et le parfum n&rsquo;aura pas eu le temps de se diffuser au maximum, la diffusion d\u00e9pendant de la taille de la piscine (piscine = surface fondue).<\/span><\/p>\n<p><span style=\"color: #993366;\"><!-- \/wp:paragraph --><!-- wp:paragraph --><\/span><\/p>\n<p><span style=\"color: #993366;\">L&rsquo;id\u00e9al est de faire br\u00fbler votre bougie par tranches de 3heures. Maximum 4heures, au del\u00e0, le parfum risque d&rsquo;\u00eatre alt\u00e9r\u00e9.<\/span><\/p>\n<h2><!-- \/wp:paragraph --><!-- wp:paragraph --><\/h2>\n<p><span style=\"color: #9700e2;\"><em><strong>Je voudrais conserver ma bonbonni\u00e8re quand ma bougie sera termin\u00e9e, comment bien la nettoyer ?<\/strong><\/em><\/span><br \/><span style=\"color: #993366;\">La cire de soja\u00a0 se nettoie tr\u00e8s facilement avec de l&rsquo;eau tr\u00e8s chaude, et du liquide vaisselle. Remplissez votre bonbonni\u00e8re d&rsquo;eau tr\u00e8s chaude, laissez la reposer un petit peu, puis frottez avec une \u00e9ponge et du liquide vaisselle pour d\u00e9coller la cire restante et le socle de la m\u00e8che. Et vous pouvez recycler votre bonbonni\u00e8re pour ranger vos \u00e9pices, vos th\u00e9s, vos bonbons ou chocolats, vos fournitures de bureau\u2026<\/span><\/p>\n<h2><!-- \/wp:paragraph --><!-- wp:paragraph --><\/h2>\n<p><span style=\"color: #9700e2;\"><em><strong>J&rsquo;habite les pennes Mirabeau\u00a0 ou au alentours , est-ce que je peux r\u00e9cup\u00e9rer ma commande directement sans payer les frais de port ?<\/strong><\/em><\/span><br \/><span style=\"color: #993366;\">Bien s\u00fbr ! Je vous invite \u00e0 visiter la page \u00ab\u00a0Remise en main propre\u00a0\u00bb qui vous donnera toutes les indications !<\/span><\/p>\n<h2><!-- \/wp:paragraph --><!-- wp:paragraph --><\/h2>\n<p><span style=\"color: #9700e2;\"><em><strong>Est ce qu&rsquo;il est possible de vous redonner les pots, verres et coupelles ?<\/strong><\/em><\/span><br \/><span style=\"color: #993366;\">Oui ! C&rsquo;est avec plaisir que je r\u00e9cup\u00e8re les pots et verres de vos bougies\u00a0 lorsque vous les avez termin\u00e9es. Ainsi, ils auront une seconde vie ! Attention, je ne propose cela que pour les clients des alentours qui peuvent me remettre les pots en main propre. H\u00e9las, je ne suis pas une structure assez grosse pour prendre en charge les frais de transport des pots, \u00e0 distance\u2026 Le pot en aluminium vous permettra d&rsquo;\u00e9conomiser 0,50\u20ac, le pot en verre 1\u20ac, sur l&rsquo;achat de prochaines bougies. Il est inutile de laver les pots, je m&rsquo;en occupe !\u00a0<\/span><\/p>\n<h2><!-- \/wp:paragraph --><!-- wp:paragraph --><\/h2>\n<p><span style=\"color: #9700e2;\"><em><strong>Y a t&rsquo;il un programme de fid\u00e9lit\u00e9 ?<\/strong><\/em><\/span><br \/><span style=\"color: #e200c0;\"><span style=\"color: #993366;\">Pour le moment cela n&rsquo;est pas propos\u00e9, pour diff\u00e9rentes raisons.<\/span>\u00a0<\/span><\/p>\t\t\t\t\t\t\t\t<\/div>\n\t\t\t\t<\/div>\n\t\t\t\t\t<\/div>\n\t\t<\/div>\n\t\t\t\t\t<\/div>\n\t\t<\/section>\n\t\t\t\t<\/div>\n\t\t","protected":false},"excerpt":{"rendered":"<p>Qu&rsquo;est ce qu&rsquo;un fondant parfum\u00e9 et comment l&rsquo;utiliser ? https:\/\/carocandle.fr\/wp-content\/uploads\/2022\/10\/video-pour-site-bruleur.mp4 \u00a0 \u00a0 \u00a0 Un fondant parfum\u00e9 est un \u00ab galet \u00bb de cire qui peut se pr\u00e9senter sous diff\u00e9rentes formes. [&hellip;]<\/p>\n","protected":false},"author":1,"featured_media":0,"parent":0,"menu_order":0,"comment_status":"closed","ping_status":"closed","template":"","meta":{"footnotes":""},"class_list":["post-78","page","type-page","status-publish","hentry"],"blocksy_meta":{"styles_descriptor":{"styles":{"desktop":"","tablet":"","mobile":""},"google_fonts":[],"version":6}},"_links":{"self":[{"href":"https:\/\/carocandle.fr\/index.php?rest_route=\/wp\/v2\/pages\/78","targetHints":{"allow":["GET"]}}],"collection":[{"href":"https:\/\/carocandle.fr\/index.php?rest_route=\/wp\/v2\/pages"}],"about":[{"href":"https:\/\/carocandle.fr\/index.php?rest_route=\/wp\/v2\/types\/page"}],"author":[{"embeddable":true,"href":"https:\/\/carocandle.fr\/index.php?rest_route=\/wp\/v2\/users\/1"}],"replies":[{"embeddable":true,"href":"https:\/\/carocandle.fr\/index.php?rest_route=%2Fwp%2Fv2%2Fcomments&post=78"}],"version-history":[{"count":0,"href":"https:\/\/carocandle.fr\/index.php?rest_route=\/wp\/v2\/pages\/78\/revisions"}],"wp:attachment":[{"href":"https:\/\/carocandle.fr\/index.php?rest_route=%2Fwp%2Fv2%2Fmedia&parent=78"}],"curies":[{"name":"wp","href":"https:\/\/api.w.org\/{rel}","templated":true}]}}